{"id":26,"date":"2022-04-29T21:45:31","date_gmt":"2022-04-29T19:45:31","guid":{"rendered":"https:\/\/pomozkol.wordpress.com\/?page_id=26"},"modified":"2022-12-26T22:02:17","modified_gmt":"2022-12-26T21:02:17","slug":"licencje","status":"publish","type":"page","link":"https:\/\/www.pomzkol.pl\/index.php\/licencje\/","title":{"rendered":"Licencje kolarskie"},"content":{"rendered":"\n<h1 class=\"has-text-align-center has-black-color has-text-color has-background has-large-font-size wp-block-heading\" style=\"background-color:#ffffff00\">Licencje kolarskie na rok 2023<\/h1>\n\n\n\n<h2 class=\"has-text-align-center has-dark-gray-color has-text-color wp-block-heading\">W celu otrzymania licencji kolarskiej nale\u017cy przes\u0142a\u0107:<\/h2>\n\n\n\n<h3 class=\"has-text-align-center has-black-color has-text-color wp-block-heading\">wype\u0142niony wniosek, dow\u00f3d wp\u0142aty oraz zdj\u0119cie.<\/h3>\n\n\n\n<h3 class=\"has-text-align-center has-black-color has-text-color wp-block-heading\">Ca\u0142o\u015b\u0107 nale\u017cy&nbsp;<mark style=\"background-color:#ffffff\" class=\"has-inline-color has-dark-gray-color\">wys\u0142a\u0107 <\/mark>poczt\u0105 e-mail<\/h3>\n\n\n\n<div class=\"wp-block-buttons is-content-justification-center is-layout-flex wp-container-core-buttons-is-layout-16018d1d wp-block-buttons-is-layout-flex\">\n<div class=\"wp-block-button has-custom-width wp-block-button__width-50\"><a class=\"wp-block-button__link has-background wp-element-button\" href=\"mailto:licencje@pomzkol.pl\" style=\"background-color:#ff0000\" target=\"_blank\" rel=\"noreferrer noopener\">Wy\u015blij wniosek<\/a><\/div>\n<\/div>\n\n\n\n<div style=\"height:100px\" aria-hidden=\"true\" class=\"wp-block-spacer\"><\/div>\n\n\n\n<h2 class=\"has-black-color has-text-color wp-block-heading\"><em><strong>Wniosek<\/strong><\/em><\/h2>\n\n\n\n<hr class=\"wp-block-separator has-alpha-channel-opacity is-style-line is-style-wide\"\/>\n\n\n\n<div class=\"wp-block-group is-vertical is-layout-flex wp-container-core-group-is-layout-8cf370e7 wp-block-group-is-layout-flex\">\n<p>W pozycji 15 nale\u017cy wpisa\u0107 klub tylko je\u015bli jest wpisany na list\u0119 Pomorskiego Okr\u0119gowego Klubu Kolarskiego. W przeciwnym przypadku nale\u017cy wpisa\u0107 &#8222;zawodnik niezrzeszony&#8221;.<\/p>\n\n\n\n<p class=\"has-black-color has-text-color\">Ubezpieczenie jest obowi\u0105zkowe &#8211; indywidualne lub klubowe.<\/p>\n<\/div>\n\n\n\n<div class=\"wp-block-buttons is-layout-flex wp-block-buttons-is-layout-flex\">\n<div class=\"wp-block-button has-custom-width wp-block-button__width-50\"><a class=\"wp-block-button__link has-background wp-element-button\" href=\"https:\/\/www.pzkol.pl\/pobierz\/6318\/s\/6318_wniosek_o_licencje_2021.pdf\" style=\"background-color:#ff0000\" target=\"_blank\" rel=\"noreferrer noopener\">Wniosek o licencj\u0119<\/a><\/div>\n<\/div>\n\n\n\n<div style=\"height:100px\" aria-hidden=\"true\" class=\"wp-block-spacer\"><\/div>\n\n\n\n<h2 class=\"has-black-color has-text-color wp-block-heading\"><strong><em>Op\u0142aty<\/em><\/strong><\/h2>\n\n\n\n<hr class=\"wp-block-separator has-alpha-channel-opacity is-style-line is-style-wide\"\/>\n\n\n\n<p class=\"has-black-color has-text-color\" style=\"font-style:normal;font-weight:500;line-height:1.5\"><strong>Zawodnicy:<\/strong><\/p>\n\n\n\n<ul class=\"wp-block-list\">\n<li>\u017bak 20 z\u0142<\/li>\n\n\n\n<li>M\u0142odzik, M\u0142odziczka 30 z\u0142<\/li>\n\n\n\n<li>Junior M\u0142odszy, Juniorka M\u0142odsza 40 z\u0142<\/li>\n\n\n\n<li>Junior, Juniorka 80 z\u0142<\/li>\n\n\n\n<li>Masters 150 z\u0142<\/li>\n\n\n\n<li>Cyklosport 150 z\u0142<\/li>\n<\/ul>\n\n\n\n<p class=\"has-black-color has-text-color\"><strong>Osoby towarzysz\u0105ce w imprezach krajowych:<\/strong><\/p>\n\n\n\n<ul class=\"wp-block-list\">\n<li>S\u0119dzia 100 z\u0142<\/li>\n\n\n\n<li>Trener, instruktor, masa\u017cysta, mechanik, inne 120 z\u0142<\/li>\n\n\n\n<li>Licencje Orlik i Elita \u2013 wystawiane s\u0105 przez Polski Zwi\u0105zek Kolarski\n<ul class=\"wp-block-list\"><\/ul>\n<\/li>\n<\/ul>\n\n\n\n<div class=\"wp-block-buttons is-layout-flex wp-block-buttons-is-layout-flex\">\n<div class=\"wp-block-button has-custom-width wp-block-button__width-50\"><a class=\"wp-block-button__link has-background wp-element-button\" href=\"https:\/\/www.pzkol.pl\/pobierz\/9790\/s\/9790_stawki_za_licencje.pdf\" style=\"background-color:#fe0000\" target=\"_blank\" rel=\"noreferrer noopener\">Uchwa\u0142a PZKol 12\/11\/2022<\/a><\/div>\n<\/div>\n\n\n\n<h2 class=\"has-text-color wp-block-heading\" style=\"color:#fe0000\">Wa\u017cne<\/h2>\n\n\n\n<div class=\"wp-block-group is-vertical is-layout-flex wp-container-core-group-is-layout-8cf370e7 wp-block-group-is-layout-flex\">\n<p>Wydanie licencji w trybie pilnym &#8211; op\u0142ata jest wy\u017csza o 50 %. <\/p>\n\n\n\n<p style=\"line-height:1.5\">Op\u0142ata za wydanie duplikatu wynosi 50 % warto\u015bci orygina\u0142u. <\/p>\n\n\n\n<p>Je\u015bli licencja ma zosta\u0107 wys\u0142ana listem poleconym na adres zawodnika lub klubu nale\u017cy doliczy\u0107 do op\u0142at kwot\u0119 5,90 z\u0142<\/p>\n<\/div>\n\n\n\n<div style=\"height:25px\" aria-hidden=\"true\" class=\"wp-block-spacer\"><\/div>\n\n\n\n<h2 class=\"has-text-color wp-block-heading\" style=\"color:#fe0000\">Dane do przelewu<\/h2>\n\n\n\n<div class=\"wp-block-group is-vertical is-layout-flex wp-container-core-group-is-layout-8cf370e7 wp-block-group-is-layout-flex\">\n<p style=\"line-height:1.5\">Pomorski Okr\u0119gowy Zwi\u0105zek Kolarski <\/p>\n\n\n\n<p style=\"line-height:1.5\">80-207 Gda\u0144sk, al. Zwyci\u0119stwa 51 <\/p>\n\n\n\n<p style=\"line-height:1.5\">RACHUNEK BANKOWY nr: 89 1090 1102 0000 0001 4733 0346<\/p>\n<\/div>\n\n\n\n<div style=\"height:25px\" aria-hidden=\"true\" class=\"wp-block-spacer\"><\/div>\n\n\n\n<div class=\"wp-block-group is-vertical is-layout-flex wp-container-core-group-is-layout-8cf370e7 wp-block-group-is-layout-flex\">\n<p style=\"line-height:1.5\">W tytule wp\u0142aty nale\u017cy wpisa\u0107 za kogo nast\u0119puje wp\u0142ata \u2013 imi\u0119 i nazwisko. <\/p>\n\n\n\n<p style=\"line-height:1.5\">Je\u015bli potrzebna jest faktura, do wniosku o licencj\u0119 musi by\u0107 do\u0142\u0105czona pro\u015bba z danymi na kogo ma by\u0107 wystawiona.<\/p>\n<\/div>\n\n\n\n<div style=\"height:100px\" aria-hidden=\"true\" class=\"wp-block-spacer\"><\/div>\n\n\n\n<h2 class=\"has-black-color has-text-color wp-block-heading\"><strong><em>Zdj\u0119cie<\/em><\/strong><\/h2>\n\n\n\n<hr class=\"wp-block-separator has-alpha-channel-opacity is-style-line is-style-wide\"\/>\n\n\n\n<ul class=\"wp-block-list\">\n<li>Twarz na zdj\u0119ciu musi by\u0107 skierowana prosto w obiektyw aparatu<\/li>\n\n\n\n<li>Zdj\u0119cie powinno przedstawia\u0107 ca\u0142\u0105 g\u0142ow\u0119.<\/li>\n\n\n\n<li>Zdj\u0119cie powinno by\u0107 aktualne.<\/li>\n\n\n\n<li>Na zdj\u0119ciu nie mo\u017cesz mie\u0107 nakrycia g\u0142owy, okular\u00f3w z ciemnymi szk\u0142ami ani innych rzeczy, kt\u00f3re utrudniaj\u0105 rozpoznanie.<\/li>\n\n\n\n<li>T\u0142o musi by\u0107 jasne i jednolite, pozbawione cieni i element\u00f3w ozdobnych.<\/li>\n\n\n\n<li>Zdj\u0119cie musi by\u0107 ostre (bez widocznych pikseli).<\/li>\n\n\n\n<li>Wielko\u015b\u0107 pliku maksymalnie 200kB<\/li>\n\n\n\n<li>Zdj\u0119cie musi by\u0107 wykonane w formie cyfrowej w formacie JPG<\/li>\n<\/ul>\n\n\n\n<div style=\"height:100px\" aria-hidden=\"true\" class=\"wp-block-spacer\"><\/div>\n\n\n\n<h2 class=\"has-black-color has-text-color wp-block-heading\"><strong><em>Zmiana klubu<\/em><\/strong><\/h2>\n\n\n\n<hr class=\"wp-block-separator has-alpha-channel-opacity is-style-line is-style-wide\"\/>\n\n\n\n<p>W przypadku zmiany klubu przez zawodnika konieczne jest do\u0142\u0105czenie do wniosku o licencj\u0119 o\u015bwiadczenie poprzedniego klubu. Zgodnie z Uchwa\u0142\u0105 Polskiego Zwi\u0105zku Kolarskiego.<\/p>\n\n\n\n<div class=\"wp-block-columns is-layout-flex wp-container-core-columns-is-layout-9d6595d7 wp-block-columns-is-layout-flex\">\n<div class=\"wp-block-column is-layout-flow wp-block-column-is-layout-flow\" style=\"flex-basis:100%\">\n<div class=\"wp-block-buttons is-layout-flex wp-block-buttons-is-layout-flex\">\n<div class=\"wp-block-button has-custom-width wp-block-button__width-50 is-style-fill\"><a class=\"wp-block-button__link has-background wp-element-button\" href=\"https:\/\/www.pzkol.pl\/pobierz\/8010\/s\/8010_uchwala_zarzadu_polskiego_zwiazku.pdf\" style=\"background-color:#ff0000\" target=\"_blank\" rel=\"noreferrer noopener\">Uchwa\u0142a PZKol 14\/11\/2021<\/a><\/div>\n<\/div>\n<\/div>\n<\/div>\n","protected":false},"excerpt":{"rendered":"<p>Licencje kolarskie na rok 2023 W celu otrzymania licencji kolarskiej nale\u017cy przes\u0142a\u0107: wype\u0142niony wniosek, dow\u00f3d wp\u0142aty oraz zdj\u0119cie. Ca\u0142o\u015b\u0107 nale\u017cy&nbsp;wys\u0142a\u0107 poczt\u0105 e-mail Wniosek W pozycji 15 nale\u017cy wpisa\u0107 klub tylko je\u015bli jest wpisany na list\u0119 Pomorskiego Okr\u0119gowego Klubu Kolarskiego. W przeciwnym przypadku nale\u017cy wpisa\u0107 &#8222;zawodnik niezrzeszony&#8221;. Ubezpieczenie jest obowi\u0105zkowe &#8211; indywidualne lub klubowe. Op\u0142aty Zawodnicy: [&hellip;]<\/p>\n","protected":false},"author":1,"featured_media":925,"parent":0,"menu_order":1,"comment_status":"closed","ping_status":"closed","template":"templates\/full-width-page.php","meta":{"footnotes":""},"class_list":["post-26","page","type-page","status-publish","has-post-thumbnail","hentry"],"_links":{"self":[{"href":"https:\/\/www.pomzkol.pl\/index.php\/wp-json\/wp\/v2\/pages\/26","targetHints":{"allow":["GET"]}}],"collection":[{"href":"https:\/\/www.pomzkol.pl\/index.php\/wp-json\/wp\/v2\/pages"}],"about":[{"href":"https:\/\/www.pomzkol.pl\/index.php\/wp-json\/wp\/v2\/types\/page"}],"author":[{"embeddable":true,"href":"https:\/\/www.pomzkol.pl\/index.php\/wp-json\/wp\/v2\/users\/1"}],"replies":[{"embeddable":true,"href":"https:\/\/www.pomzkol.pl\/index.php\/wp-json\/wp\/v2\/comments?post=26"}],"version-history":[{"count":11,"href":"https:\/\/www.pomzkol.pl\/index.php\/wp-json\/wp\/v2\/pages\/26\/revisions"}],"predecessor-version":[{"id":2425,"href":"https:\/\/www.pomzkol.pl\/index.php\/wp-json\/wp\/v2\/pages\/26\/revisions\/2425"}],"wp:featuredmedia":[{"embeddable":true,"href":"https:\/\/www.pomzkol.pl\/index.php\/wp-json\/wp\/v2\/media\/925"}],"wp:attachment":[{"href":"https:\/\/www.pomzkol.pl\/index.php\/wp-json\/wp\/v2\/media?parent=26"}],"curies":[{"name":"wp","href":"https:\/\/api.w.org\/{rel}","templated":true}]}}