{"id":76,"date":"2022-04-29T21:45:38","date_gmt":"2022-04-29T19:45:38","guid":{"rendered":"https:\/\/pomozkol.wordpress.com\/?page_id=76"},"modified":"2022-12-13T11:36:57","modified_gmt":"2022-12-13T11:36:57","slug":"zarzad","status":"publish","type":"page","link":"https:\/\/www.pomzkol.pl\/index.php\/zarzad\/","title":{"rendered":"Zarz\u0105d"},"content":{"rendered":"\n<h1 class=\"has-text-align-center wp-block-heading\"><mark style=\"background-color:rgba(0, 0, 0, 0);\" class=\"has-inline-color has-black-color\">Zarz\u0105d Pomorskiego Okr\u0119gowego Zwi\u0105zku Kolarskiego<\/mark><\/h1>\n\n\n\n<div style=\"height:40px\" aria-hidden=\"true\" class=\"wp-block-spacer\"><\/div>\n\n\n\n<figure class=\"wp-block-table aligncenter is-style-stripes\"><table><tbody><tr><td class=\"has-text-align-left\" data-align=\"left\">prezes<\/td><td>Jolanta Schreiber<\/td><td>jola_kwidzyn@op.pl<\/td><\/tr><tr><td class=\"has-text-align-left\" data-align=\"left\">wiceprezes<\/td><td>Wies\u0142aw Hirsz<\/td><td><\/td><\/tr><tr><td class=\"has-text-align-left\" data-align=\"left\">wiceprezes<\/td><td>Marek Szerszy\u0144ski<\/td><td>szerszynski@interia.pl<\/td><\/tr><tr><td class=\"has-text-align-left\" data-align=\"left\">sekretarz<\/td><td>Magdalena Cebula<\/td><td>licencje@pomzkol.pl\u00a0<\/td><\/tr><tr><td class=\"has-text-align-left\" data-align=\"left\">skarbnik<\/td><td>Bartosz Labuda<\/td><td>labudabartek@go2.pl<\/td><\/tr><tr><td class=\"has-text-align-left\" data-align=\"left\">cz\u0142onek zarz\u0105du<\/td><td>Tomasz Lorkowski<\/td><td><\/td><\/tr><tr><td class=\"has-text-align-left\" data-align=\"left\">cz\u0142onek zarz\u0105du<\/td><td>Kazimierz Kwidzy\u0144ski<\/td><td><\/td><\/tr><tr><td class=\"has-text-align-left\" data-align=\"left\">cz\u0142onek zarz\u0105du<\/td><td>Dariusz Malecki<\/td><td>maleckidariusz@gmail.com<\/td><\/tr><tr><td class=\"has-text-align-left\" data-align=\"left\">cz\u0142onek zarz\u0105du<\/td><td>Krystyna Wojcieszek<\/td><td>krislorka@wp.pl<\/td><\/tr><tr><td class=\"has-text-align-left\" data-align=\"left\">przewodnicz\u0105cy komisji rewizyjnej<\/td><td>Marek Kulas<\/td><td>marek.kulas@gmail.com<\/td><\/tr><tr><td class=\"has-text-align-left\" data-align=\"left\">cz\u0142onek komisji rewizyjnej<\/td><td>Wojciech Mularczyk<\/td><td><\/td><\/tr><tr><td class=\"has-text-align-left\" data-align=\"left\">cz\u0142onek komisji rewizyjnej<\/td><td>Bo\u017cena Rzeszutek<\/td><td><\/td><\/tr><\/tbody><\/table><\/figure>\n","protected":false},"excerpt":{"rendered":"<p>Zarz\u0105d Pomorskiego Okr\u0119gowego Zwi\u0105zku Kolarskiego prezes Jolanta Schreiber jola_kwidzyn@op.pl wiceprezes Wies\u0142aw Hirsz wiceprezes Marek Szerszy\u0144ski szerszynski@interia.pl sekretarz Magdalena Cebula licencje@pomzkol.pl\u00a0 skarbnik Bartosz Labuda labudabartek@go2.pl cz\u0142onek zarz\u0105du Tomasz Lorkowski cz\u0142onek zarz\u0105du Kazimierz Kwidzy\u0144ski cz\u0142onek zarz\u0105du Dariusz Malecki maleckidariusz@gmail.com cz\u0142onek zarz\u0105du Krystyna Wojcieszek krislorka@wp.pl przewodnicz\u0105cy komisji rewizyjnej Marek Kulas marek.kulas@gmail.com cz\u0142onek komisji rewizyjnej Wojciech Mularczyk cz\u0142onek komisji [&hellip;]<\/p>\n","protected":false},"author":1,"featured_media":262,"parent":0,"menu_order":2,"comment_status":"closed","ping_status":"closed","template":"templates\/full-width-page.php","meta":{"footnotes":""},"class_list":["post-76","page","type-page","status-publish","has-post-thumbnail","hentry"],"_links":{"self":[{"href":"https:\/\/www.pomzkol.pl\/index.php\/wp-json\/wp\/v2\/pages\/76","targetHints":{"allow":["GET"]}}],"collection":[{"href":"https:\/\/www.pomzkol.pl\/index.php\/wp-json\/wp\/v2\/pages"}],"about":[{"href":"https:\/\/www.pomzkol.pl\/index.php\/wp-json\/wp\/v2\/types\/page"}],"author":[{"embeddable":true,"href":"https:\/\/www.pomzkol.pl\/index.php\/wp-json\/wp\/v2\/users\/1"}],"replies":[{"embeddable":true,"href":"https:\/\/www.pomzkol.pl\/index.php\/wp-json\/wp\/v2\/comments?post=76"}],"version-history":[{"count":1,"href":"https:\/\/www.pomzkol.pl\/index.php\/wp-json\/wp\/v2\/pages\/76\/revisions"}],"predecessor-version":[{"id":2346,"href":"https:\/\/www.pomzkol.pl\/index.php\/wp-json\/wp\/v2\/pages\/76\/revisions\/2346"}],"wp:featuredmedia":[{"embeddable":true,"href":"https:\/\/www.pomzkol.pl\/index.php\/wp-json\/wp\/v2\/media\/262"}],"wp:attachment":[{"href":"https:\/\/www.pomzkol.pl\/index.php\/wp-json\/wp\/v2\/media?parent=76"}],"curies":[{"name":"wp","href":"https:\/\/api.w.org\/{rel}","templated":true}]}}